- 160. Give g(8).
-8
Let o(k) = -34*k**2 + 243*k - 39. Calculate o(7).
-4
Let o(f) = -f**3 + 4*f**2 - f + 1. Give o(3).
7
Let j(y) = -3*y**3 + 123*y**2 - y + 77. Calculate j(41).
36
Let t(l) = -6*l**2 - 10*l + 14. What is t(11)?
-822
Let f(x) = -x**3 - 49*x**2 + 119*x + 51. Calculate f(-51).
-816
Let h(s) = -s**3 + 28*s**2 - 60*s + 204. What is h(26)?
-4
Let r(c) = 2*c**3 - 14*c**2 + 33*c - 227. Give r(7).
4
Let u(d) = -14*d**2 - 253*d - 1090. Determine u(-11).
-1
Let r(q) = -35*q**2 - 702*q - 43. Calculate r(-20).
-3
Let b(a) = -946*a - 6532. What is b(-7)?
90
Let c(k) = -204*k - 1707. What is c(-9)?
129
Let s(w) = w**3 + 6*w**2 - 48*w - 219. Give s(-4).
5
Let a(i) = -7*i**2 + 5*i + 9. Give a(-3).
-69
Let l(o) = 5020*o - 55198. Calculate l(11).
22
Let x(f) = f**2 + 4*f - 1885. Give x(-46).
47
Let i(h) = 2*h**3 - 8*h**2 - 56*h + 366. Give i(9).
672
Let r(i) = -i**2 + 176*i - 858. Calculate r(5).
-3
Let f(w) = -w**3 + w**2 + 15*w - 82. What is f(0)?
-82
Let p(h) = -h**2 + 42*h - 167. Give p(37).
18
Let i(k) = -39*k - 393. Determine i(-12).
75
Let i(r) = 290*r**3 - 2*r**2 - 2*r - 2. What is i(-1)?
-292
Let d(u) = -206*u - 5720. What is d(-28)?
48
Let m(x) = 14*x + 1149. What is m(-75)?
99
Let x(a) = a**2 + 4*a - 40. What is x(7)?
37
Let j(n) = 21*n**2 - 676*n - 570. Determine j(33).
-9
Let v(c) = -5*c**2 - 31*c - 89. Give v(-3).
-41
Let v(s) = 5*s**2 + 105*s + 88. Determine v(-21).
88
Let x(t) = 6*t**2 + 47*t - 157. Calculate x(4).
127
Let t(c) = 19*c**2 - 18*c - 64. Determine t(-3).
161
Let c(d) = 7*d + 576. What is c(-83)?
-5
Let h(p) = p**3 - 4*p**2 - 255*p - 40. What is h(-14)?
2
Let z(k) = -k**3 + 134*k**2 + 3256*k + 35. What is z(-21)?
14
Let i(r) = 2*r**3 + 6*r**2 + 13*r + 45. Give i(-3).
6
Let u(n) = n**3 + 7*n**2 + 24*n + 65. Give u(-7).
-103
Let q(v) = v**3 + 6*v**2 - v + 42. Give q(-6).
48
Let b(m) = 356*m**2 - 66928*m - 4. What is b(188)?
-4
Let h(r) = -2*r**3 + 493*r**2 + 743*r + 219. Give h(248).
-29
Let r(y) = -2*y**2 - 202*y - 5069. Give r(-52).
27
Let i(u) = -2*u**3 + 141*u**2 - 208*u + 108. Calculate i(69).
39
Let r(a) = a**3 - 2*a**2 + 70*a - 369. Determine r(4).
-57
Let c(a) = -5*a**3 + 5*a + 27. What is c(-3)?
147
Let g(h) = -159*h**2 - 11*h - 5. Calculate g(1).
-175
Let q(o) = 4*o**3 + 22*o**2 - 96*o - 124. Determine q(-8).
4
Let a(r) = 9*r**3 - 50*r**2 + 31*r - 28. What is a(5)?
2
Let w(l) = l**3 - 35*l**2 + 237*l + 19. Determine w(26).
97
Let a(l) = -l**3 + 18*l**2 - 16*l - 10. What is a(15)?
425
Let p(k) = 77*k - 168. What is p(2)?
-14
Let z(o) = -26*o**2 + 233*o + 54. Calculate z(9).
45
Let z(k) = 126*k - 437. Calculate z(3).
-59
Let m(d) = -5*d**2 - 2*d - 7. Determine m(-4).
-79
Let m(w) = -5*w**2 - w - 31. What is m(-5)?
-151
Let w(a) = a**3 + 6*a**2 - 38*a - 184. What is w(-4)?
0
Let h(t) = t**2 - 16*t - 76. Determine h(20).
4
Let f(a) = 81*a**2 - 6642*a + 48. Give f(82).
48
Let c(j) = j**3 - 8*j**2 + 23*j - 82. Give c(5).
-42
Let r(f) = -149*f - 158. Determine r(-1).
-9
Let d(j) = 2*j**3 - 43*j**2 - 20*j - 24. What is d(22)?
20
Let h(r) = r**3 + 76*r**2 - 673*r - 89. What is h(-84)?
-5
Let w(m) = -m**3 - 39*m**2 - 51*m - 438. What is w(-38)?
56
Let z(d) = -1312*d + 3971. Calculate z(3).
35
Let g(c) = 304*c - 4569. Determine g(15).
-9
Let b(u) = 2*u**3 - 60*u**2 - 76*u + 468. Determine b(31).
34
Let a(p) = -p + 70. Give a(45).
25
Let m(r) = r**3 - 9*r**2 + 99*r - 670. Give m(7).
-75
Let j(h) = -2*h**3 - 3*h**2 + 22*h - 5. Give j(5).
-220
Let d(u) = 6*u**2 + 17*u + 13. Determine d(-8).
261
Let j(v) = -335*v + 13735. Determine j(41).
0
Let y(n) = n**3 - 30*n**2 - 108*n + 307. Calculate y(33).
10
Let m(q) = 213*q - 444. What is m(2)?
-18
Let p(u) = u**3 - 30*u**2 + 105*u - 8. Give p(26).
18
Let n(q) = -q**2 + 152*q + 1284. Calculate n(-8).
4
Let w(g) = -g**3 - 22*g**2 - 79*g + 36. What is w(-16)?
-236
Let k(d) = -d**3 + 37*d**2 + 80*d - 78. Give k(39).
0
Let m(z) = -4*z**2 - 185*z - 37. Calculate m(-46).
9
Let b(n) = -291*n - 31718. What is b(-109)?
1
Let h(m) = -16*m + 187. Determine h(12).
-5
Let n(x) = x**3 + 8*x**2 - 20*x - 141. Calculate n(-8).
19
Let p(n) = -n**3 - 5*n**2 + 42*n + 199. Calculate p(-5).
-11
Let m(h) = -h**3 + 10*h**2 - 5*h + 21. Calculate m(9).
57
Let r(v) = v**3 - 6*v**2 - 15*v + 85. What is r(4)?
-7
Let d(w) = 611*w + 6127. Give d(-10).
17
Let h(p) = 2*p**2 + 68*p + 116. What is h(-32)?
-12
Let l(r) = -91*r - 191. What is l(-2)?
-9
Let m(k) = 5*k - 128. What is m(16)?
-48
Let s(z) = -3220*z - 38654. What is s(-12)?
-14
Let s(i) = i**3 - 43*i**2 - 296*i + 68. Give s(49).
-30
Let v(g) = 5*g**3 + 2*g**2 + 14*g - 22. Give v(5).
723
Let l(i) = i**2 + 246*i + 10943. Give l(-59).
-90
Let p(s) = 10*s + 430. Give p(20).
630
Let y(z) = -z**3 - 171*z**2 - 1460*z - 332. Determine y(-162).
-8
Let r(t) = -t**3 - 2*t**2 + 5*t. Calculate r(2).
-6
Let s(h) = -94*h - 4226. Give s(-45).
4
Let k(l) = 35*l**2 + 385*l + 23. Calculate k(-11).
23
Let a(l) = -21*l**3 - 7*l + 13. Give a(2).
-169
Let k(j) = 2*j**2 + 33*j + 167. Calculate k(-7).
34
Let p(i) = -2*i**3 - 3*i**2 - i + 11. Determine p(-2).
17
Let w(j) = j**3 + 10*j**2 + 150. Give w(-11).
29
Let c(f) = -38*f + 236. Determine c(0).
236
Let h(g) = 37*g + 862. Give h(-27).
-137
Let n(u) = u**3 - u**2 + u + 12. Give n(0).
12
Let h(b) = 10*b - 199. Calculate h(21).
11
Let i(a) = 1153*a + 4616. Calculate i(-4).
4
Let s(p) = 5*p**2 + 15*p + 42. Determine s(-3).
42
Let a(m) = -17*m**2 + 74*m - 13. Give a(4).
11
Let o(w) = -w**2 + 66*w - 733. Calculate o(14).
-5
Let d(m) = -m**3 - 13*m**2 + 164*m + 2244. Determine d(-14).
144
Let q(s) = -3*s + 4. Calculate q(1).
1
Let d(p) = 6*p**3 - p**2 + p + 3. Determine d(4).
375
Let g(l) = -2*l**2 + 43*l + 202. What is g(-4)?
-2
Let y(r) = -7*r**2 - 6*r + 135. Give y(-5).
-10
Let r(k) = -k**3 + 29*k**2 + 91*k - 3917. Calculate r(27).
-2
Let v(g) = -2*g**3 - 14*g**2 - 26*g - 29. Give v(-4).
-21
Let a(v) = -43*v - 223. What is a(-5)?
-8
Let j(m) = m**3 - 37*m**2 + 246*m - 1080. Determine j(30).
0
Let r(f) = -316*f - 558. Give r(-2).
74
Let v(c) = -3*c**3 - 4*c**2 + 1. What is v(-2)?
9
Let h(f) = 25*f**2 + 925*f + 57. Calculate h(-37).
57
Let g(w) = 46*w**2 - 26*w + 17. What is g(3)?
353
Let s(d) = -56*d - 543. Calculate s(-9).
-39
Let s(v) = -v**3 + 19*v**2 - 46*v - 7. Give s(16).
25
Let g(j) = -123*j + 2337. Determine g(19).
0
Let m(j) = 21*j + 741. Determine m(-48).
-267
Let d(i) = -i**3 + 3*i**2 - 4*i + 1. Determine d(0).
1
Let z(o) = -12*o + 125. What is z(14)?
-43
Let y(z) = 40*z + 75. Give y(-2).
-5
Let p(o) = 590*o - 5990. What is p(10)?
-90
Let q(l) = 14*l**2 - 71*l - 3. What is q(5)?
-8
Let l(w) = w**3 - 12*w**2 + 27*w - 3. What is l(9)?
-3
Let r(d) = -3*d**2 + 11*d - 20. Give r(4).
-24
Let l(k) = -7091*k + 127640. Calculate l(18).
2
Let p(z) = -5*z**2 - 15*z + 82. What is p(-6)?
-8
Let r(j) = j**2 + 2*j - 45. Give r(7).
18
Let z(b) = 21*b**3 - 123*b**2 - 13*b - 55. Determine z(6).
-25
Let g(b) = -38*b + 193. Calculate g(5).
3
Let p(v) = -4*v**3 - 2*v**2 + 2*v + 12. What is p(0)?
12
Let y(x) = x**3 + 7*x**2 + 25*x - 4. What is y(-5)?
-79
Let s(r) = 2*r**3 + 9*r**2 - 19*r - 8. Determine s(-6).
-2
Let w(d) = -364*d**2 - 7*d + 6. Calculate w(1).
-365
Let l(h) = -293*h - 2938. Calculate l(-10).
-8
Let c(a) = -a**3 - 20*a**2 + 7*a + 129. What is c(-20)?
-11
Let s(a) = -841*a - 7573. Calculate s(-9).
-4
Let m(c) = 2*c**3 + 85*c**2 - 746*c + 221. Give m(-50).
21
Let f(z) = z**2 + 38*z + 184. Calculate f(-21).
-173
Let a(x) = x**2 + 147*x + 3238. Calculate a(-27).
-2
Let i(u) = -u**2 - 37*u - 55. Calculate i(-34).
47
Let z(b) = -b**3 - 74*b**2 + 79*b + 84. Determine z(-75).
-216
Let h(g) = -4*g**3 + 4*g**2 - 5*g + 4. Determine h(3).
-83
Let o(w) = w**2 + 77*w + 971. Give o(-21).
-205
Let j(b) = -8*b**3 + 271*b**2 + 35*b - 42. What is j(34)?
-8
Let w(s) = -17*s**2 + 9*s - 10. Determine w(2).
-60
Let r(a) = -54*a - 493. Determine r(-7).
-115
Let q(y) = 8*y**2 + 15*y + 46. Calculate q(-4).
114
Let y(a) = -a**3 + 7*a**2 + 541*a + 24. Give y(-20).
4
Let c(h) = 145*h**2 - 79*h + 150. What is c(2)?
572
Let a(g) = -6*g**2 + 27*g - 16. Determine a(5).
-31
Let w(u) = u**3 + 8*u**2 + 13*u + 11. Give w(-5).
21
Let j(a) = 105*a - 76. What is j(1)?
29
Let r(z) = -40*z - 88. What is r(1)?
-128
Let a(o) = -o**2 + 45*o - 269. Give a(7).
-3
Let b